*m - 408, x*z = 4*m + 852. What are the prime factors of z?
2, 3, 5, 7
Let m(x) = 4 - 6*x**2 - 3 + 11*x - 4*x**3 + 3*x**3 + 2*x**3 + 12*x**3. What are the prime factors of m(4)?
11, 71
Let f = -41 + 39. Let j be 6/(-9)*((-6)/f)/(-1). Suppose -3*g = -3*l - 33, -2*g = -3*g + 4*l + j. What are the prime factors of g?
2, 7
Let y be (-39)/(-6) + -3 + 6/(-12). Suppose t - 20 = y*x, t + 4*x + x = -20. Suppose -3*v = b - 247, 29 + 72 = v + t*b. What are the prime factors of v?
3
Let v(p) = -37 + 2*p + 32 + 18 - 3*p. Let o(y) = y + 4. Let n be o(-4). What are the prime factors of v(n)?
13
What are the prime factors of 3/(-39) - (-222)/858 - (-309492)/22?
2, 3517
Suppose 4*h - 5*q - 25046 = 0, -6270 = -h + 2*q - 5*q. List the prime factors of h.
2, 3, 29
Let g = -21 - -43. Let j be (-4)/g + 0 + (-72)/(-33). What are the prime factors of (3 - j) + -4 + 123/1?
2, 3, 5
Let f be 1 + 16 + 1 + 0. Let a be -35*(-54)/45 - (1 - 10). Let w = f + a. What are the prime factors of w?
3, 23
What are the prime factors of 6885 - ((-11)/1 - (-24 - -21))?
61, 113
Let c(v) = v**3 - 52*v**2 - 116*v + 78. What are the prime factors of c(56)?
2, 3, 1021
Let c be (-57640)/(-70) + (-8)/(-14). Let u = c - 223. List the prime factors of u.
601
Let g(w) = 36*w**2 + 109*w + 1247. What are the prime factors of g(-14)?
3, 251
Suppose 2*y - 3*n - 136360 = 0, 2*n - 61 + 45 = 0. What are the prime factors of y?
2, 2131
Let y be (-636 - 2)*65/(-26). Suppose 466*m = 471*m - y. List the prime factors of m.
11, 29
Suppose 451*j - 230*j = 228*j - 432859. What are the prime factors of j?
61837
List the prime factors of (-12)/(-30)*(0 + 0 - -185).
2, 37
Suppose -91053 + 80383 = 35*v - 647040. What are the prime factors of v?
2, 9091
Let b = -203 - -203. What are the prime factors of 122/1 - (b - -6)?
2, 29
Let l = 32987 + 2209. List the prime factors of l.
2, 3, 7, 419
Let g = -1402 + 2009. Let q = g + -213. List the prime factors of q.
2, 197
Suppose 6538 = 5*m - 4*r, 5*r + 4712 = 4*m - 531. List the prime factors of m.
2, 3, 7, 31
Suppose 2*p + 3*y - 360 - 57 = 0, p + 4*y = 216. List the prime factors of -42*(p/(-8) - 3)/3.
3, 7, 19
Let c = 357 - 219. Suppose c = -i - i. Let v = -7 - i. List the prime factors of v.
2, 31
Suppose -76 = -2*m + 116. Let g = m - 81. Let q = 43 - g. List the prime factors of q.
2, 7
Suppose 2*q - 1883 = q + 7*c, -3*c = -q + 1867. What are the prime factors of q?
5, 7, 53
Let v be 18*18 + (-8)/4*2. Let u = v + -218. List the prime factors of u.
2, 3, 17
Let k be 202 + -4*3/6. Suppose 5*w + 2*i - 6*i = -k, 0 = -w + i - 41. List the prime factors of (-1648)/w + -2 - (-8)/36.
2, 11
Let r(a) be the third derivative of -a**4/2 - 11*a**3/2 + 47*a**2. What are the prime factors of r(-8)?
3, 7
Let l(d) = 10*d**2 + 4*d + 2. Let k = 21 - 27. Let z(f) = f**2 + f + 1. Let p(c) = k*z(c) + l(c). List the prime factors of p(-3).
2, 19
Let y = 14371 - 6983. List the prime factors of y.
2, 1847
List the prime factors of 40/340 + (-449470)/(-85).
2, 661
Let q be (-42)/(-48)*4 + 3/2. Suppose q*p - 179 - 6 = 0. What are the prime factors of p?
37
Let f(c) = 18*c**2 + 2*c + 1. Let p be 43/5 + 51/(-85). Suppose k = -5*u + 14, p*u = 6*u - 3*k + 3. What are the prime factors of f(u)?
13
Let p(o) = o**2 - 17*o - 98. Let u be p(22). List the prime factors of (3/24*18)/(u/2304).
2, 3
Suppose 0 = 4*y - 15 - 13. Let l(z) = -44*z + 11. Let t(a) = 22*a - 5. Let u(b) = y*t(b) + 4*l(b). What are the prime factors of u(-4)?
97
Suppose -5*n - 28 = -2*v, -9*n + 29 = 3*v - 10*n. Let s(x) = 2*x**3 - 3*x**2 - 25*x + 1. List the prime factors of s(v).
991
Let j(k) = k**3 + 4*k**2 - 5*k + 2. Let l be j(-4). Let n = -20 + l. Suppose 106 = n*m - 18. List the prime factors of m.
2, 31
Suppose -21 = -31*w + 28*w. Let y(g) = -2*g - 8. Let m be y(w). List the prime factors of 2/(-11) + (-2622)/m.
7, 17
Let i be (-23)/(-7) + 2/(-7). Suppose -4*j + 36 = -i*r, -5*j - 3*r = -0*r - 45. Let u(d) = d + 7. What are the prime factors of u(j)?
2
Let c(i) = 46*i**2 - 2*i - 2. Let b be c(3). Suppose -2319 = -4*d - h, 3*d - b - 1346 = -5*h. List the prime factors of d.
3, 193
Let i(t) = -t**3 - 3*t - 5. Let j be i(-2). Let a(u) = 13*u**2 - j + 0*u**3 - 19*u**2 + u**3 + 4*u. What are the prime factors of a(8)?
151
Suppose 2*b = 3*q + 179, -300 = 2*q + 3*q - 3*b. Let j = q + 84. Suppose j - 156 = -3*s. List the prime factors of s.
3, 5
Suppose -345 = g - 4*l - 26836, 0 = -2*g - 3*l + 53048. List the prime factors of g.
5, 5303
Let u be (21/2)/((-57)/(-190)). Suppose -141 = -u*b + 32*b. Suppose b*d = 49*d - 144. What are the prime factors of d?
2, 3
Suppose -j - 1437 = -2*y, -y + 4*j = 3*j - 717. Let l be (14 + -9)*(-103)/1 + 2. Let c = y + l. What are the prime factors of c?
3, 23
Suppose -30796 - 131228 = -43*i. What are the prime factors of i?
2, 3, 157
List the prime factors of ((-4)/(-14))/((-21)/(-23373))*9/2.
3, 53
Let i(t) = -55*t + 19 - 59 - 12 + 11*t. List the prime factors of i(-12).
2, 7, 17
Suppose -2944 = -4*o - 3*n, -5*o + 5*n = -2*o - 2208. Suppose 0*z = -2*z + o. List the prime factors of z.
2, 23
Suppose 85*b + 29703593 = 528*b. What are the prime factors of b?
19, 3529
Suppose 0 = -3*n + 15, 4*n + 69 = -5*b + 184. Suppose -3*q - 20 = 4*j, 4*q = 3*j - 4 + b. Suppose q = -2*d - 6*d + 24. What are the prime factors of d?
3
Let r be (0/(-2))/(18/3 - 4). Suppose -4*o - 3*z + 2069 = 0, 6*z - z = o - 500. Suppose r = -2*a - 63 + o. What are the prime factors of a?
2, 113
Suppose 0 = 3378*h - 3363*h - 134145. What are the prime factors of h?
3, 11, 271
Suppose 0 = -m - 33 - 8. Suppose -20*s + 483 = 843. Let j = s - m. What are the prime factors of j?
23
Let f(z) be the third derivative of z**4/24 + 5*z**3/2 - z**2. Let n be f(-12). Suppose -n*c + 53 + 118 = 0. List the prime factors of c.
3, 19
Let z = -113446 - -196086. List the prime factors of z.
2, 5, 1033
Suppose -2*d = -5*t - 4622, 4*d + 3*t + 0*t - 9296 = 0. Suppose 2*x - 2341 = -z, -x = x - 3*z - d. What are the prime factors of x?
2, 73
Suppose 80*c = -5*h + 83*c + 72172, 5*c = 4*h - 57748. Suppose -18*n + h = -2*n. What are the prime factors of n?
2, 11, 41
Let j be 8/(-10) - 28/(-35). Suppose j = -3*o + 5*r + 500, 848 + 42 = 5*o + 3*r. List the prime factors of o*1/3*(2 - -1).
5, 7
What are the prime factors of 2/6 - (45473392/(-48))/29?
2, 8167
Let x be (-2)/6 - (-195)/(-9). Let a = 131 + -100. Let l = x + a. What are the prime factors of l?
3
Let w be (-22)/(-121) + (-1 - (-72)/(-33)). Suppose 0*i + i + 6 = 0. What are the prime factors of (w - 219/i)*2?
67
Let v be (-114915)/(-188) + (-1)/4*1. Let z = v + -388. List the prime factors of z.
223
Let r(g) = 10*g**2 + 809*g - 22. List the prime factors of r(31).
34667
Let g(w) = 9*w**2 - 10*w + 62. Let o be g(10). Let y = o + -656. What are the prime factors of y?
2, 103
Let d(j) = j**3 - 15*j**2 + 167*j + 105. What are the prime factors of d(30)?
3, 5, 17, 73
Suppose x = 2*b - 2484, 3*b - 12992 = 5*x - 593. What are the prime factors of ((-2)/4)/(1/x)?
3, 7, 59
Suppose -22*p - 35*p + 939132 = 0. What are the prime factors of p?
2, 3, 1373
Let p = 676 - -34830. List the prime factors of p.
2, 41, 433
Suppose -5*r + 0*k = 3*k - 5831, 4*k + 5852 = 5*r. Suppose -13*w = -5*w + r. Let y = -48 - w. What are the prime factors of y?
2, 7
Let b(w) = -3*w**2 + 361*w - 111. What are the prime factors of b(37)?
13, 19, 37
Let k be (-2 - (-14)/6) + 160/(-3). Let l = k + 48. Let j(q) = -q**3 - q**2 - 2*q + 12. What are the prime factors of j(l)?
2, 61
Suppose c + 20122 - 30129 = 0. What are the prime factors of c?
10007
Let f = -50 - -14142. List the prime factors of f.
2, 13, 271
Let n be (2 - 0)/((-18)/130329*9). Let u = -1072 - n. What are the prime factors of u?
3, 179
Let y(x) be the third derivative of -43*x**4/12 - x**3/2 - 27*x**2 + 5. Let s be (-35)/25 - (-4)/10. List the prime factors of y(s).
83
What are the prime factors of (-2)/6*13/(78/90) + 10186?
10181
Let a = -264 + 260. List the prime factors of 2/(-8) - (741/a + 4).
181
Let i(n) be the first derivative of -n**4/4 - 20*n**3/3 - 31*n**2/2 + 3*n - 131. List the prime factors of i(-19).
3, 7, 11
Let v(x) = 364*x**2 + 13*x - 1. What are the prime factors of v(-5)?
2, 4517
Let k(u) = u - 14. Let z be k(18). List the prime factors of z*7/(28/16).
2
Su